{"id":11865,"date":"2015-02-04T15:30:38","date_gmt":"2015-02-04T15:30:38","guid":{"rendered":"http:\/\/www.ing.una.py\/?page_id=11865"},"modified":"2024-08-16T12:48:03","modified_gmt":"2024-08-16T16:48:03","slug":"reglamentos-cetuna","status":"publish","type":"page","link":"https:\/\/www.ing.una.py\/FIUNA3\/?page_id=11865","title":{"rendered":"Reglamentos CETUNA"},"content":{"rendered":"\t\t<div data-elementor-type=\"wp-page\" data-elementor-id=\"11865\" class=\"elementor elementor-11865\" data-elementor-post-type=\"page\">\n\t\t\t\t\t\t<section class=\"elementor-section elementor-top-section elementor-element elementor-element-62fa29d elementor-section-boxed elementor-section-height-default elementor-section-height-default\" data-id=\"62fa29d\" data-element_type=\"section\" data-e-type=\"section\">\n\t\t\t\t\t\t<div class=\"elementor-container elementor-column-gap-default\">\n\t\t\t\t\t<div class=\"elementor-column elementor-col-66 elementor-top-column elementor-element elementor-element-5777c87\" data-id=\"5777c87\" data-element_type=\"column\" data-e-type=\"column\">\n\t\t\t<div class=\"elementor-widget-wrap elementor-element-populated\">\n\t\t\t\t\t\t<div class=\"elementor-element elementor-element-02bcb68 elementor-widget thim-ekits-heading elementor-widget-thim-heading\" data-id=\"02bcb68\" data-element_type=\"widget\" data-e-type=\"widget\" data-widget_type=\"thim-heading.default\">\n\t\t\t\t<div class=\"elementor-widget-container\">\n\t\t\t\t\t<div class=\"sc_heading\"><h3 class=\"title\">Reglamentos <\/h3><span class=\"line\"><\/span><\/div>\t\t\t\t<\/div>\n\t\t\t\t<\/div>\n\t\t\t\t<div class=\"elementor-element elementor-element-06bf05e elementor-widget thim-widget-link\" data-id=\"06bf05e\" data-element_type=\"widget\" data-e-type=\"widget\" data-widget_type=\"thim-link.default\">\n\t\t\t\t<div class=\"elementor-widget-container\">\n\t\t\t\t\t<h5 class=\"title\"><a href=\"http:\/\/www.ing.una.py\/Resoluciones2021\/CSU\/0306_00_2021_Reglamento_AcademicoCETUNA.pdf\">Modificaci\u00f3n del Reglamento Acad\u00e9mico de la Especialidad Mec\u00e1nica del CETUNA \u2013 FIUNA.<\/a><\/h5><div class=\"desc\">Resoluci\u00f3n N\u00ba 0306-00-2021<\/div>\t\t\t\t<\/div>\n\t\t\t\t<\/div>\n\t\t\t\t<div class=\"elementor-element elementor-element-79a41a4 elementor-widget thim-widget-link\" data-id=\"79a41a4\" data-element_type=\"widget\" data-e-type=\"widget\" data-widget_type=\"thim-link.default\">\n\t\t\t\t<div class=\"elementor-widget-container\">\n\t\t\t\t\t<h5 class=\"title\"><a href=\"http:\/\/www.ing.una.py\/Resoluciones2021\/ConsejoDirectivo\/1462\/1462_2021_034_modif_art.%2024_reglamento_CETUNA.pdf\">Modificaci\u00f3n del Art. n\u00ba 24 del Reglamento Acad\u00e9mico<\/a><\/h5><div class=\"desc\">Resoluci\u00f3n CD N\u00ba 1462\/2021\/034<\/div>\t\t\t\t<\/div>\n\t\t\t\t<\/div>\n\t\t\t\t<div class=\"elementor-element elementor-element-577fde6 elementor-widget thim-widget-link\" data-id=\"577fde6\" data-element_type=\"widget\" data-e-type=\"widget\" data-widget_type=\"thim-link.default\">\n\t\t\t\t<div class=\"elementor-widget-container\">\n\t\t\t\t\t<h5 class=\"title\"><a href=\"http:\/\/www.ing.una.py\/Resoluciones2020\/ConsejoDirectivo\/1437\/1437_2020_020_reglamento_academico_virtualCETUNA.pdf\">Reglamento Acad\u00e9mico \u2013 Proceso Ense\u00f1anza\/Aprendizaje con herramientas digitales \u2013 Especialidad Mec\u00e1nica <\/a><\/h5><div class=\"desc\">Resoluci\u00f3n CD N\u00b0 1437\/2020\/020\n<\/div>\t\t\t\t<\/div>\n\t\t\t\t<\/div>\n\t\t\t\t<div class=\"elementor-element elementor-element-c5eefe9 elementor-widget thim-widget-link\" data-id=\"c5eefe9\" data-element_type=\"widget\" data-e-type=\"widget\" data-widget_type=\"thim-link.default\">\n\t\t\t\t<div class=\"elementor-widget-container\">\n\t\t\t\t\t<h5 class=\"title\"><a href=\"http:\/\/www.ing.una.py\/wp-content\/uploads\/2020\/09\/1437_2020_019_reglamento_pasantia_CETUNA.pdf\">Reglamento de Pasant\u00eda<\/a><\/h5><div class=\"desc\">Resoluci\u00f3n CD N\u00b0 1437\/2020\/019<\/div>\t\t\t\t<\/div>\n\t\t\t\t<\/div>\n\t\t\t\t<div class=\"elementor-element elementor-element-5aaa3d9 elementor-widget thim-widget-link\" data-id=\"5aaa3d9\" data-element_type=\"widget\" data-e-type=\"widget\" data-widget_type=\"thim-link.default\">\n\t\t\t\t<div class=\"elementor-widget-container\">\n\t\t\t\t\t<h5 class=\"title\"><a href=\"http:\/\/www.ing.una.py\/Resoluciones2020\/ConsejoDirectivo\/1437\/1437_2020_018%20_eglamento_academico_CETUNA.pdf\">Reglamento Acad\u00e9mico<\/a><\/h5><div class=\"desc\">Resoluci\u00f3n CD N\u00b0 1437\/2020\/018<\/div>\t\t\t\t<\/div>\n\t\t\t\t<\/div>\n\t\t\t\t<div class=\"elementor-element elementor-element-e5750f8 elementor-widget thim-widget-link\" data-id=\"e5750f8\" data-element_type=\"widget\" data-e-type=\"widget\" data-widget_type=\"thim-link.default\">\n\t\t\t\t<div class=\"elementor-widget-container\">\n\t\t\t\t\t<h5 class=\"title\"><a href=\"http:\/\/www.ing.una.py\/pdf2015\/cetuna\/reglamento-docente.pdf\">Reglamento Docente<\/a><\/h5><div class=\"desc\">Resoluci\u00f3n UNA 2393\/2015<\/div>\t\t\t\t<\/div>\n\t\t\t\t<\/div>\n\t\t\t\t<div class=\"elementor-element elementor-element-f9256dd elementor-widget thim-widget-link\" data-id=\"f9256dd\" data-element_type=\"widget\" data-e-type=\"widget\" data-widget_type=\"thim-link.default\">\n\t\t\t\t<div class=\"elementor-widget-container\">\n\t\t\t\t\t<h5 class=\"title\"><a href=\"http:\/\/www.ing.una.py\/pdf2015\/cetuna\/reglamento-de-admision.pdf\">Reglamento de Admisi\u00f3n<\/a><\/h5><div class=\"desc\">Resoluci\u00f3n UNA 2392\/2014<\/div>\t\t\t\t<\/div>\n\t\t\t\t<\/div>\n\t\t\t\t\t<\/div>\n\t\t<\/div>\n\t\t\t\t<div class=\"elementor-column elementor-col-33 elementor-top-column elementor-element elementor-element-273a382\" data-id=\"273a382\" data-element_type=\"column\" data-e-type=\"column\">\n\t\t\t<div class=\"elementor-widget-wrap elementor-element-populated\">\n\t\t\t\t\t\t<div class=\"elementor-element elementor-element-da81250 elementor-widget elementor-widget-heading\" data-id=\"da81250\" data-element_type=\"widget\" data-e-type=\"widget\" data-widget_type=\"heading.default\">\n\t\t\t\t\t<h3 class=\"elementor-heading-title elementor-size-default\">CETUNA<\/h3>\t\t\t\t<\/div>\n\t\t\t\t<div class=\"elementor-element elementor-element-14af1ae elementor-nav-menu__align-start elementor-nav-menu--dropdown-mobile elementor-nav-menu__text-align-aside elementor-nav-menu--toggle elementor-nav-menu--burger elementor-widget elementor-widget-nav-menu\" data-id=\"14af1ae\" data-element_type=\"widget\" data-e-type=\"widget\" data-settings=\"{&quot;layout&quot;:&quot;vertical&quot;,&quot;_animation&quot;:&quot;none&quot;,&quot;submenu_icon&quot;:{&quot;value&quot;:&quot;&lt;svg class=\\&quot;fa-svg-chevron-down e-font-icon-svg e-fas-chevron-down\\&quot; viewBox=\\&quot;0 0 448 512\\&quot; xmlns=\\&quot;http:\\\/\\\/www.w3.org\\\/2000\\\/svg\\&quot;&gt;&lt;path d=\\&quot;M207.029 381.476L12.686 187.132c-9.373-9.373-9.373-24.569 0-33.941l22.667-22.667c9.357-9.357 24.522-9.375 33.901-.04L224 284.505l154.745-154.021c9.379-9.335 24.544-9.317 33.901.04l22.667 22.667c9.373 9.373 9.373 24.569 0 33.941L240.971 381.476c-9.373 9.372-24.569 9.372-33.942 0z\\&quot;&gt;&lt;\\\/path&gt;&lt;\\\/svg&gt;&quot;,&quot;library&quot;:&quot;fa-solid&quot;},&quot;toggle&quot;:&quot;burger&quot;}\" data-widget_type=\"nav-menu.default\">\n\t\t\t\t\t\t\t\t<nav aria-label=\"Men\u00fa\" class=\"elementor-nav-menu--main elementor-nav-menu__container elementor-nav-menu--layout-vertical e--pointer-background e--animation-fade\">\n\t\t\t\t<ul id=\"menu-1-14af1ae\" class=\"elementor-nav-menu sm-vertical\"><li class=\"menu-item menu-item-type-post_type menu-item-object-page menu-item-38228 tc-menu-item tc-menu-depth-0 tc-menu-align-left tc-menu-layout-default\"><a href=\"https:\/\/www.ing.una.py\/FIUNA3\/?page_id=1813\" class=\"elementor-item\" class=\"tc-menu-inner\">Misi\u00f3n, Visi\u00f3n y Objetivos<\/a><\/li>\n<li class=\"menu-item menu-item-type-post_type menu-item-object-page menu-item-38274 tc-menu-item tc-menu-depth-0 tc-menu-align-left tc-menu-layout-default\"><a href=\"https:\/\/www.ing.una.py\/FIUNA3\/?page_id=5966\" class=\"elementor-item\" class=\"tc-menu-inner\">Curso Preparatorio de Admisi\u00f3n (CPA)<\/a><\/li>\n<li class=\"menu-item menu-item-type-post_type menu-item-object-page menu-item-38329 tc-menu-item tc-menu-depth-0 tc-menu-align-left tc-menu-layout-default\"><a href=\"https:\/\/www.ing.una.py\/FIUNA3\/?page_id=11865\" class=\"elementor-item\" class=\"tc-menu-inner\">Reglamentos CETUNA<\/a><\/li>\n<li class=\"menu-item menu-item-type-post_type menu-item-object-page menu-item-38276 tc-menu-item tc-menu-depth-0 tc-menu-align-left tc-menu-layout-default\"><a href=\"https:\/\/www.ing.una.py\/FIUNA3\/?page_id=5984\" class=\"elementor-item\" class=\"tc-menu-inner\">Especialidad Mec\u00e1nica<\/a><\/li>\n<li class=\"menu-item menu-item-type-post_type menu-item-object-page menu-item-38327 tc-menu-item tc-menu-depth-0 tc-menu-align-left tc-menu-layout-default\"><a href=\"https:\/\/www.ing.una.py\/FIUNA3\/?page_id=11277\" class=\"elementor-item\" class=\"tc-menu-inner\">Ejes tem\u00e1ticos de las materias (MEC)<\/a><\/li>\n<li class=\"menu-item menu-item-type-post_type menu-item-object-page menu-item-38275 tc-menu-item tc-menu-depth-0 tc-menu-align-left tc-menu-layout-default\"><a title=\"Ejes tem\u00e1ticos de la materia\" href=\"https:\/\/www.ing.una.py\/FIUNA3\/?page_id=5978\" class=\"elementor-item\" class=\"tc-menu-inner\">Carga Horaria (Mec)<\/a><\/li>\n<li class=\"menu-item menu-item-type-custom menu-item-object-custom menu-item-82908 tc-menu-item tc-menu-depth-0 tc-menu-align-left tc-menu-layout-default\"><a target=\"_blank\" href=\"https:\/\/www.ing.una.py\/Resoluciones2025\/ConsejoDirectivo\/1603\/1603_2025_016_Calendario_Acad_CETUNA_1C_2026.pdf\" class=\"elementor-item\" class=\"tc-menu-inner\">Calendario Acad. 1C 2026<\/a><\/li>\n<li class=\"menu-item menu-item-type-custom menu-item-object-custom menu-item-84545 tc-menu-item tc-menu-depth-0 tc-menu-align-left tc-menu-layout-default\"><a target=\"_blank\" href=\"https:\/\/www.ing.una.py\/Resoluciones2026\/ConsejoDirectivo\/1612\/1612_2026_009_Horario_Exams_Parciales_CETUNA_C1_2026.pdf\" class=\"elementor-item\" class=\"tc-menu-inner\">Horario de ex\u00e1menes parc. 1C 2026<\/a><\/li>\n<li class=\"menu-item menu-item-type-post_type menu-item-object-page menu-item-38344 tc-menu-item tc-menu-depth-0 tc-menu-align-left tc-menu-layout-default\"><a href=\"https:\/\/www.ing.una.py\/FIUNA3\/?page_id=12200\" class=\"elementor-item\" class=\"tc-menu-inner\">Laboratorios<\/a><\/li>\n<li class=\"menu-item menu-item-type-taxonomy menu-item-object-category menu-item-67258 tc-menu-item tc-menu-depth-0 tc-menu-align-left tc-menu-layout-default\"><a href=\"https:\/\/www.ing.una.py\/FIUNA3\/?cat=839\" class=\"elementor-item\" class=\"tc-menu-inner\">Proyectos integradores presentados<\/a><\/li>\n<li class=\"menu-item menu-item-type-taxonomy menu-item-object-category menu-item-38425 tc-menu-item tc-menu-depth-0 tc-menu-align-left tc-menu-layout-default\"><a href=\"https:\/\/www.ing.una.py\/FIUNA3\/?cat=319\" class=\"elementor-item\" class=\"tc-menu-inner\">Noticias relacionadas<\/a><\/li>\n<\/ul>\t\t\t<\/nav>\n\t\t\t\t\t<div class=\"elementor-menu-toggle\" role=\"button\" tabindex=\"0\" aria-label=\"Alternar men\u00fa\" aria-expanded=\"false\">\n\t\t\t<svg aria-hidden=\"true\" role=\"presentation\" class=\"elementor-menu-toggle__icon--open e-font-icon-svg e-eicon-menu-bar\" viewBox=\"0 0 1000 1000\" xmlns=\"http:\/\/www.w3.org\/2000\/svg\"><path d=\"M104 333H896C929 333 958 304 958 271S929 208 896 208H104C71 208 42 237 42 271S71 333 104 333ZM104 583H896C929 583 958 554 958 521S929 458 896 458H104C71 458 42 487 42 521S71 583 104 583ZM104 833H896C929 833 958 804 958 771S929 708 896 708H104C71 708 42 737 42 771S71 833 104 833Z\"><\/path><\/svg><svg aria-hidden=\"true\" role=\"presentation\" class=\"elementor-menu-toggle__icon--close e-font-icon-svg e-eicon-close\" viewBox=\"0 0 1000 1000\" xmlns=\"http:\/\/www.w3.org\/2000\/svg\"><path d=\"M742 167L500 408 258 167C246 154 233 150 217 150 196 150 179 158 167 167 154 179 150 196 150 212 150 229 154 242 171 254L408 500 167 742C138 771 138 800 167 829 196 858 225 858 254 829L496 587 738 829C750 842 767 846 783 846 800 846 817 842 829 829 842 817 846 804 846 783 846 767 842 750 829 737L588 500 833 258C863 229 863 200 833 171 804 137 775 137 742 167Z\"><\/path><\/svg>\t\t<\/div>\n\t\t\t\t\t<nav class=\"elementor-nav-menu--dropdown elementor-nav-menu__container\" aria-hidden=\"true\">\n\t\t\t\t<ul id=\"menu-2-14af1ae\" class=\"elementor-nav-menu sm-vertical\"><li class=\"menu-item menu-item-type-post_type menu-item-object-page menu-item-38228 tc-menu-item tc-menu-depth-0 tc-menu-align-left tc-menu-layout-default\"><a href=\"https:\/\/www.ing.una.py\/FIUNA3\/?page_id=1813\" class=\"elementor-item\" tabindex=\"-1\" class=\"tc-menu-inner\">Misi\u00f3n, Visi\u00f3n y Objetivos<\/a><\/li>\n<li class=\"menu-item menu-item-type-post_type menu-item-object-page menu-item-38274 tc-menu-item tc-menu-depth-0 tc-menu-align-left tc-menu-layout-default\"><a href=\"https:\/\/www.ing.una.py\/FIUNA3\/?page_id=5966\" class=\"elementor-item\" tabindex=\"-1\" class=\"tc-menu-inner\">Curso Preparatorio de Admisi\u00f3n (CPA)<\/a><\/li>\n<li class=\"menu-item menu-item-type-post_type menu-item-object-page menu-item-38329 tc-menu-item tc-menu-depth-0 tc-menu-align-left tc-menu-layout-default\"><a href=\"https:\/\/www.ing.una.py\/FIUNA3\/?page_id=11865\" class=\"elementor-item\" tabindex=\"-1\" class=\"tc-menu-inner\">Reglamentos CETUNA<\/a><\/li>\n<li class=\"menu-item menu-item-type-post_type menu-item-object-page menu-item-38276 tc-menu-item tc-menu-depth-0 tc-menu-align-left tc-menu-layout-default\"><a href=\"https:\/\/www.ing.una.py\/FIUNA3\/?page_id=5984\" class=\"elementor-item\" tabindex=\"-1\" class=\"tc-menu-inner\">Especialidad Mec\u00e1nica<\/a><\/li>\n<li class=\"menu-item menu-item-type-post_type menu-item-object-page menu-item-38327 tc-menu-item tc-menu-depth-0 tc-menu-align-left tc-menu-layout-default\"><a href=\"https:\/\/www.ing.una.py\/FIUNA3\/?page_id=11277\" class=\"elementor-item\" tabindex=\"-1\" class=\"tc-menu-inner\">Ejes tem\u00e1ticos de las materias (MEC)<\/a><\/li>\n<li class=\"menu-item menu-item-type-post_type menu-item-object-page menu-item-38275 tc-menu-item tc-menu-depth-0 tc-menu-align-left tc-menu-layout-default\"><a title=\"Ejes tem\u00e1ticos de la materia\" href=\"https:\/\/www.ing.una.py\/FIUNA3\/?page_id=5978\" class=\"elementor-item\" tabindex=\"-1\" class=\"tc-menu-inner\">Carga Horaria (Mec)<\/a><\/li>\n<li class=\"menu-item menu-item-type-custom menu-item-object-custom menu-item-82908 tc-menu-item tc-menu-depth-0 tc-menu-align-left tc-menu-layout-default\"><a target=\"_blank\" href=\"https:\/\/www.ing.una.py\/Resoluciones2025\/ConsejoDirectivo\/1603\/1603_2025_016_Calendario_Acad_CETUNA_1C_2026.pdf\" class=\"elementor-item\" tabindex=\"-1\" class=\"tc-menu-inner\">Calendario Acad. 1C 2026<\/a><\/li>\n<li class=\"menu-item menu-item-type-custom menu-item-object-custom menu-item-84545 tc-menu-item tc-menu-depth-0 tc-menu-align-left tc-menu-layout-default\"><a target=\"_blank\" href=\"https:\/\/www.ing.una.py\/Resoluciones2026\/ConsejoDirectivo\/1612\/1612_2026_009_Horario_Exams_Parciales_CETUNA_C1_2026.pdf\" class=\"elementor-item\" tabindex=\"-1\" class=\"tc-menu-inner\">Horario de ex\u00e1menes parc. 1C 2026<\/a><\/li>\n<li class=\"menu-item menu-item-type-post_type menu-item-object-page menu-item-38344 tc-menu-item tc-menu-depth-0 tc-menu-align-left tc-menu-layout-default\"><a href=\"https:\/\/www.ing.una.py\/FIUNA3\/?page_id=12200\" class=\"elementor-item\" tabindex=\"-1\" class=\"tc-menu-inner\">Laboratorios<\/a><\/li>\n<li class=\"menu-item menu-item-type-taxonomy menu-item-object-category menu-item-67258 tc-menu-item tc-menu-depth-0 tc-menu-align-left tc-menu-layout-default\"><a href=\"https:\/\/www.ing.una.py\/FIUNA3\/?cat=839\" class=\"elementor-item\" tabindex=\"-1\" class=\"tc-menu-inner\">Proyectos integradores presentados<\/a><\/li>\n<li class=\"menu-item menu-item-type-taxonomy menu-item-object-category menu-item-38425 tc-menu-item tc-menu-depth-0 tc-menu-align-left tc-menu-layout-default\"><a href=\"https:\/\/www.ing.una.py\/FIUNA3\/?cat=319\" class=\"elementor-item\" tabindex=\"-1\" class=\"tc-menu-inner\">Noticias relacionadas<\/a><\/li>\n<\/ul>\t\t\t<\/nav>\n\t\t\t\t\t\t<\/div>\n\t\t\t\t\t<\/div>\n\t\t<\/div>\n\t\t\t\t\t<\/div>\n\t\t<\/section>\n\t\t\t\t<\/div>\n\t\t","protected":false},"excerpt":{"rendered":"<p>Reglamentos Modificaci\u00f3n del Reglamento Acad\u00e9mico de la Especialidad Mec\u00e1nica del CETUNA \u2013 FIUNA. Resoluci\u00f3n N\u00ba 0306-00-2021 Modificaci\u00f3n del Art. n\u00ba 24 del Reglamento Acad\u00e9mico Resoluci\u00f3n CD N\u00ba 1462\/2021\/034 Reglamento Acad\u00e9mico \u2013 Proceso Ense\u00f1anza\/Aprendizaje con herramientas digitales \u2013 Especialidad Mec\u00e1nica Resoluci\u00f3n CD N\u00b0 1437\/2020\/020 Reglamento de Pasant\u00eda Resoluci\u00f3n CD N\u00b0 1437\/2020\/019 Reglamento Acad\u00e9mico Resoluci\u00f3n CD N\u00b0 1437\/2020\/018 Reglamento Docente Resoluci\u00f3n UNA 2393\/2015 Reglamento de Admisi\u00f3n Resoluci\u00f3n UNA 2392\/2014 CETUNA<\/p>\n","protected":false},"author":1,"featured_media":0,"parent":1813,"menu_order":0,"comment_status":"closed","ping_status":"open","template":"","meta":{"_bbp_topic_count":0,"_bbp_reply_count":0,"_bbp_total_topic_count":0,"_bbp_total_reply_count":0,"_bbp_voice_count":0,"_bbp_anonymous_reply_count":0,"_bbp_topic_count_hidden":0,"_bbp_reply_count_hidden":0,"_bbp_forum_subforum_count":0,"advanced_seo_description":"","jetpack_seo_html_title":"","jetpack_seo_noindex":false,"jetpack_post_was_ever_published":false,"footnotes":""},"class_list":["post-11865","page","type-page","status-publish","hentry"],"jetpack_shortlink":"https:\/\/wp.me\/Pc8Odv-35n","jetpack_likes_enabled":true,"jetpack_sharing_enabled":true,"jetpack-related-posts":[],"_links":{"self":[{"href":"https:\/\/www.ing.una.py\/FIUNA3\/index.php?rest_route=\/wp\/v2\/pages\/11865","targetHints":{"allow":["GET"]}}],"collection":[{"href":"https:\/\/www.ing.una.py\/FIUNA3\/index.php?rest_route=\/wp\/v2\/pages"}],"about":[{"href":"https:\/\/www.ing.una.py\/FIUNA3\/index.php?rest_route=\/wp\/v2\/types\/page"}],"author":[{"embeddable":true,"href":"https:\/\/www.ing.una.py\/FIUNA3\/index.php?rest_route=\/wp\/v2\/users\/1"}],"replies":[{"embeddable":true,"href":"https:\/\/www.ing.una.py\/FIUNA3\/index.php?rest_route=%2Fwp%2Fv2%2Fcomments&post=11865"}],"version-history":[{"count":17,"href":"https:\/\/www.ing.una.py\/FIUNA3\/index.php?rest_route=\/wp\/v2\/pages\/11865\/revisions"}],"predecessor-version":[{"id":67223,"href":"https:\/\/www.ing.una.py\/FIUNA3\/index.php?rest_route=\/wp\/v2\/pages\/11865\/revisions\/67223"}],"up":[{"embeddable":true,"href":"https:\/\/www.ing.una.py\/FIUNA3\/index.php?rest_route=\/wp\/v2\/pages\/1813"}],"wp:attachment":[{"href":"https:\/\/www.ing.una.py\/FIUNA3\/index.php?rest_route=%2Fwp%2Fv2%2Fmedia&parent=11865"}],"curies":[{"name":"wp","href":"https:\/\/api.w.org\/{rel}","templated":true}]}}