{"id":3,"date":"2019-05-14T19:51:52","date_gmt":"2019-05-14T17:51:52","guid":{"rendered":"http:\/\/fiunacuatro.jouvet.com.py\/?page_id=3"},"modified":"2025-02-14T10:17:44","modified_gmt":"2025-02-14T13:17:44","slug":"politica-privacidad","status":"publish","type":"page","link":"https:\/\/www.ing.una.py\/FIUNA3\/?page_id=3","title":{"rendered":"Pol\u00edtica de privacidad"},"content":{"rendered":"\t\t<div data-elementor-type=\"wp-page\" data-elementor-id=\"3\" class=\"elementor elementor-3\" data-elementor-post-type=\"page\">\n\t\t\t\t\t\t<section class=\"elementor-section elementor-top-section elementor-element elementor-element-81906aa elementor-section-boxed elementor-section-height-default elementor-section-height-default\" data-id=\"81906aa\" data-element_type=\"section\" data-e-type=\"section\">\n\t\t\t\t\t\t<div class=\"elementor-container elementor-column-gap-default\">\n\t\t\t\t\t<div class=\"elementor-column elementor-col-100 elementor-top-column elementor-element elementor-element-a37009d\" data-id=\"a37009d\" data-element_type=\"column\" data-e-type=\"column\">\n\t\t\t<div class=\"elementor-widget-wrap elementor-element-populated\">\n\t\t\t\t\t\t<div class=\"elementor-element elementor-element-2423779f elementor-widget elementor-widget-text-editor\" data-id=\"2423779f\" data-element_type=\"widget\" data-e-type=\"widget\" data-widget_type=\"text-editor.default\">\n\t\t\t\t\t\t\t\t\t<h3>\u00bfQui\u00e9nes somos?<\/h3><p>Somos una Instituci\u00f3n Acad\u00e9mica, la <strong>Facultad de Ingenier\u00eda de la Universidad Nacional de Asunci\u00f3n<\/strong>, conocida por sus siglas como<strong> \u00abFIUNA\u00bb<\/strong>.\u00a0\u00a0Nuestras Sedes est\u00e1n ubicadas en el Campus de la UNA, en la ciudad de San Lorenzo y en Isla Bogado, Luque. La Filial est\u00e1 ubicada en la ciudad de Misiones, Ayolas &#8211; Paraguay.\u00a0<\/p><p>Nuestra direcci\u00f3n de <strong>sitio web<\/strong> es <strong><span style=\"color: #9d0000;\">https:\/\/www.ing.una.py\u00a0<br \/><\/span><\/strong>Nuestras <strong>redes sociales oficiales<\/strong> son las que se muestran en nuestro sitio web<\/p><h3>\u00bfQu\u00e9 datos personales recogemos y por qu\u00e9 los recogemos?<\/h3><h4 style=\"padding-left: 40px;\">De los comentarios<\/h4><p>Cuando los visitantes dejan comentarios en el sitio web, recopilamos los datos que se muestran en el formulario de comentarios, as\u00ed como la direcci\u00f3n IP del visitante y la cadena de agentes de usuario del navegador para ayudar a la detecci\u00f3n de spam. Una cadena an\u00f3nima creada a partir de tu direcci\u00f3n de correo electr\u00f3nico (tambi\u00e9n llamada hash) puede ser proporcionada al servicio de Gravatar para ver si la est\u00e1s usando. La pol\u00edtica de privacidad del servicio Gravatar est\u00e1 disponible aqu\u00ed: <a href=\"https:\/\/automattic.com\/privacy\/\" target=\"_blank\" rel=\"noopener\">https:\/\/automattic.com\/privacy\/<\/a>. Despu\u00e9s de la aprobaci\u00f3n de tu comentario, la imagen de tu perfil es visible para el p\u00fablico en el contexto de su comentario.<\/p><h4 style=\"padding-left: 40px;\">Formularios de contacto<\/h4><p>Los de formularios de contacto utilizados en el sitio son de la plataforma Google y\/o los de uso acad\u00e9mico, algunos solo son utilizados por un per\u00edodo, como por ejemplo, los de<em> \u00abInscripci\u00f3n al Acto de Graduaci\u00f3n\u00bb<\/em> o <em>\u00abFormularios tipo encuestas\u00bb<\/em> , no utilizamos la informaci\u00f3n enviada con fines de marketing.<\/p><h4 style=\"padding-left: 40px;\">Cookies<\/h4><p>Si dejas un comentario en nuestro sitio puedes elegir guardar tu nombre, direcci\u00f3n de correo electr\u00f3nico y web en cookies. Esto es para tu comodidad, para que no tengas que volver a rellenar tus datos cuando dejes otro comentario. Estas cookies tendr\u00e1n una duraci\u00f3n de un a\u00f1o.<\/p><h4 style=\"padding-left: 40px;\">Akismet<\/h4><p>Recopila informaci\u00f3n sobre los visitantes que comentan en el sitio web, el mismo brinda el servicio anti-spam. La informaci\u00f3n que recopilamos incluye, normalmente, la direcci\u00f3n IP del comentarista, el navegador del usuario, el sitio de referencia y la URL del sitio (adem\u00e1s de otra informaci\u00f3n directamente facilitada por el comentarista, como su nombre, nombre de usuario, direcci\u00f3n de correo electr\u00f3nico y el mismo comentario).<\/p><h4 style=\"padding-left: 40px;\">Contenido incrustado de otros sitios web<\/h4><p>Los art\u00edculos de este sitio pueden incluir contenido incrustado (por ejemplo, v\u00eddeos, im\u00e1genes, art\u00edculos, etc.). El contenido incrustado de otras web se comporta exactamente de la misma manera que si el visitante hubiera visitado la otra web. Esta web pueden recopilar datos sobre ti, utilizar cookies, incrustar un seguimiento adicional de terceros, y supervisar tu interacci\u00f3n con ese contenido incrustado, incluido el seguimiento de tu interacci\u00f3n con el contenido incrustado si tienes una cuenta y est\u00e1s conectado a esa web.<\/p><h4 style=\"padding-left: 40px;\">Anal\u00edtica<\/h4><p>En este sitio se mide el tr\u00e1fico con la plataforma de <strong>Google Analytics<\/strong>, que puede utilizar <em>cookies<\/em> o <em>web beacons<\/em> para analizar lo que sucede en nuestras p\u00e1ginas. Puedes ver m\u00e1s informaci\u00f3n sobre la pol\u00edtica de privacidad de la misma aqu\u00ed: <strong>Google (Analytics):<\/strong>\u00a0<a href=\"https:\/\/policies.google.com\/privacy?hl=es\" target=\"_blank\" rel=\"noopener\">Pol\u00edtica de Privacidad de Google Analytics<\/a>\u00a0<\/p><h3>\u00bfCon qui\u00e9n compartimos tus datos?<\/h3><p>No compartimos datos personales de los Usuarios a ning\u00fan tercero sin una base jur\u00eddica que legitime este tratamiento.<\/p><p><span style=\"color: var(--thim-font-body-color); font-weight: var(--thim-font-body-variant);\">Las plataformas que utilizamos son:<\/span><\/p><p><strong>Google<\/strong> (Analytics)<br \/><strong>Jetpack<\/strong>\u00a0(Newsletter)<\/p><h4 style=\"padding-left: 40px;\">\u00bfCu\u00e1nto tiempo conservamos tus datos?<\/h4><p>Si dejas un comentario, \u00e9ste y sus metadatos se conservan indefinidamente. Esto es para que podamos reconocer y aprobar comentarios sucesivos autom\u00e1ticamente en lugar de mantenerlos en una cola de moderaci\u00f3n. De los usuarios que se registran en nuestra web (si los hay), tambi\u00e9n almacenamos la informaci\u00f3n personal que proporcionan en su perfil de usuario. Todos los usuarios pueden ver, editar o eliminar su informaci\u00f3n personal en cualquier momento (excepto que no pueden cambiar su nombre de usuario). El administrador del sitio web tambi\u00e9n puede ver y editar esa informaci\u00f3n.<\/p><h3>Uso de la informaci\u00f3n\u00a0<\/h3><h4 style=\"padding-left: 40px;\">Newsletter &amp; emails<\/h4><p>La lista de suscripci\u00f3n a trav\u00e9s de correo electr\u00f3nico es almacenada en el proveedor de servicios de email marketing<strong> Jetpack<\/strong> cuya pol\u00edtica de privacidad puedes encontrar en el siguiente <a href=\"https:\/\/jetpack-com.translate.goog\/support\/jetpack-blocks\/subscription-form-block\/?_x_tr_sl=en&amp;_x_tr_tl=es&amp;_x_tr_hl=es\" target=\"_blank\" rel=\"noopener\">enlace.<\/a><\/p><p>Los datos que nos brindes ser\u00e1n utilizados exclusivamente para env\u00edos de noticias, eventos y\/o informaciones que consideremos relevantes para los suscritos voluntarios al sitio web, estos correos electr\u00f3nicos ser\u00e1n enviados peri\u00f3dicamente a la direcci\u00f3n proporcionada y podr\u00e1n ser cancelados en cualquier momento.<\/p><h3>\u00bfSeguridad del sitio?<\/h3><p>Los servidores de uso interno de la Instituci\u00f3n utilizan los protocolos de seguridad recomendados por los Organismos de Seguridad Internacional.\u00a0 Utilizamos el protocolo <strong>HTTPS <\/strong>(protocolo de transferencia de hipertexto seguro) es un protocolo que cifra la comunicaci\u00f3n entre un navegador web y un sitio web, proporcionando una conexi\u00f3n segura. Garantiza las mejores condiciones de seguridad para la confidencialidad de los usuarios.<\/p><h3>Qu\u00e9 procedimientos utilizamos contra las brechas de datos<\/h3><p>Utilizamos medidas de seguridad razonablemente adecuadas para detectar la existencia de virus, ataques de fuerza bruta e inyecciones de c\u00f3digo. No obstante, debes ser consciente de que las medidas de seguridad de los sistemas inform\u00e1ticos en Internet no son enteramente fiables y que, por tanto la FIUNA no puede garantizar la inexistencia de virus u otros elementos que puedan producir alteraciones en los sistemas inform\u00e1ticos (software y hardware) del Usuario o en sus documentos electr\u00f3nicos y ficheros contenidos en los mismos. A pesar de ello, para tratar de garantizar la seguridad y privacidad de tus datos personales, el hosting utilizado dispone de un sistema de vigilancia de seguridad activo que informa de cada actividad de los usuarios y posibles brechas en la seguridad de los datos de los usuarios.<\/p><h3>\u00bfDe qu\u00e9 terceros recibimos datos?<\/h3><p>No recibimos datos de terceros.<\/p><h3>\u00bfQu\u00e9 tipo de toma de decisiones automatizada y\/o perfilado hacemos con los datos del usuario?<\/h3><p>Los comentarios de los visitantes puede que los revise un servicio de detecci\u00f3n autom\u00e1tica de Spam no publicando y borrando los positivos.<\/p>\t\t\t\t\t\t\t\t<\/div>\n\t\t\t\t\t<\/div>\n\t\t<\/div>\n\t\t\t\t\t<\/div>\n\t\t<\/section>\n\t\t\t\t<\/div>\n\t\t","protected":false},"excerpt":{"rendered":"<p>\u00bfQui\u00e9nes somos? Somos una Instituci\u00f3n Acad\u00e9mica, la Facultad de Ingenier\u00eda de la Universidad Nacional de Asunci\u00f3n, conocida por sus siglas como \u00abFIUNA\u00bb.\u00a0\u00a0Nuestras Sedes est\u00e1n ubicadas en el Campus de la UNA, en la ciudad de San Lorenzo y en Isla Bogado, Luque. La Filial est\u00e1 ubicada en la ciudad de Misiones, Ayolas &#8211; Paraguay.\u00a0 Nuestra direcci\u00f3n de sitio web es https:\/\/www.ing.una.py\u00a0Nuestras redes sociales oficiales son las que se muestran en nuestro sitio web \u00bfQu\u00e9 datos personales recogemos y por qu\u00e9 los recogemos? De los comentarios Cuando los visitantes dejan comentarios en el sitio web, recopilamos los datos que se muestran &hellip; <\/p>\n","protected":false},"author":1,"featured_media":0,"parent":0,"menu_order":0,"comment_status":"closed","ping_status":"open","template":"","meta":{"_bbp_topic_count":0,"_bbp_reply_count":0,"_bbp_total_topic_count":0,"_bbp_total_reply_count":0,"_bbp_voice_count":0,"_bbp_anonymous_reply_count":0,"_bbp_topic_count_hidden":0,"_bbp_reply_count_hidden":0,"_bbp_forum_subforum_count":0,"advanced_seo_description":"","jetpack_seo_html_title":"","jetpack_seo_noindex":false,"jetpack_post_was_ever_published":false,"footnotes":""},"class_list":["post-3","page","type-page","status-publish","hentry"],"jetpack_shortlink":"https:\/\/wp.me\/Pc8Odv-3","jetpack_likes_enabled":true,"jetpack_sharing_enabled":true,"jetpack-related-posts":[],"_links":{"self":[{"href":"https:\/\/www.ing.una.py\/FIUNA3\/index.php?rest_route=\/wp\/v2\/pages\/3","targetHints":{"allow":["GET"]}}],"collection":[{"href":"https:\/\/www.ing.una.py\/FIUNA3\/index.php?rest_route=\/wp\/v2\/pages"}],"about":[{"href":"https:\/\/www.ing.una.py\/FIUNA3\/index.php?rest_route=\/wp\/v2\/types\/page"}],"author":[{"embeddable":true,"href":"https:\/\/www.ing.una.py\/FIUNA3\/index.php?rest_route=\/wp\/v2\/users\/1"}],"replies":[{"embeddable":true,"href":"https:\/\/www.ing.una.py\/FIUNA3\/index.php?rest_route=%2Fwp%2Fv2%2Fcomments&post=3"}],"version-history":[{"count":9,"href":"https:\/\/www.ing.una.py\/FIUNA3\/index.php?rest_route=\/wp\/v2\/pages\/3\/revisions"}],"predecessor-version":[{"id":76078,"href":"https:\/\/www.ing.una.py\/FIUNA3\/index.php?rest_route=\/wp\/v2\/pages\/3\/revisions\/76078"}],"wp:attachment":[{"href":"https:\/\/www.ing.una.py\/FIUNA3\/index.php?rest_route=%2Fwp%2Fv2%2Fmedia&parent=3"}],"curies":[{"name":"wp","href":"https:\/\/api.w.org\/{rel}","templated":true}]}}