{"id":36678,"date":"2019-04-22T12:40:29","date_gmt":"2019-04-22T16:40:29","guid":{"rendered":"http:\/\/www.ing.una.py\/?page_id=36678"},"modified":"2024-03-18T14:38:23","modified_gmt":"2024-03-18T17:38:23","slug":"resultados-de-concursos-docentes","status":"publish","type":"page","link":"https:\/\/www.ing.una.py\/FIUNA3\/?page_id=36678","title":{"rendered":"Resultados de Concursos Docentes"},"content":{"rendered":"\t\t<div data-elementor-type=\"wp-page\" data-elementor-id=\"36678\" class=\"elementor elementor-36678\" data-elementor-post-type=\"page\">\n\t\t\t\t\t\t<section class=\"elementor-section elementor-top-section elementor-element elementor-element-07f74d3 elementor-section-boxed elementor-section-height-default elementor-section-height-default\" data-id=\"07f74d3\" data-element_type=\"section\" data-e-type=\"section\">\n\t\t\t\t\t\t<div class=\"elementor-container elementor-column-gap-default\">\n\t\t\t\t\t<div class=\"elementor-column elementor-col-66 elementor-top-column elementor-element elementor-element-742b0d7\" data-id=\"742b0d7\" data-element_type=\"column\" data-e-type=\"column\">\n\t\t\t<div class=\"elementor-widget-wrap elementor-element-populated\">\n\t\t\t\t\t\t<div class=\"elementor-element elementor-element-e18f012 elementor-widget thim-ekits-heading elementor-widget-thim-heading\" data-id=\"e18f012\" data-element_type=\"widget\" data-e-type=\"widget\" data-widget_type=\"thim-heading.default\">\n\t\t\t\t<div class=\"elementor-widget-container\">\n\t\t\t\t\t<div class=\"sc_heading\"><h3 class=\"title\">Resultado de concursos docentes <\/h3><span class=\"line\"><\/span><\/div>\t\t\t\t<\/div>\n\t\t\t\t<\/div>\n\t\t\t\t<div class=\"elementor-element elementor-element-2b6c4b7 elementor-cta--layout-image-above elementor-cta--skin-classic elementor-animated-content elementor-bg-transform elementor-bg-transform-zoom-in elementor-widget elementor-widget-call-to-action\" data-id=\"2b6c4b7\" data-element_type=\"widget\" data-e-type=\"widget\" data-widget_type=\"call-to-action.default\">\n\t\t\t\t\t\t\t<div class=\"elementor-cta\">\n\t\t\t\t\t\t\t<div class=\"elementor-cta__content\">\n\t\t\t\t\n\t\t\t\t\n\t\t\t\t\t\t\t\t\t<div class=\"elementor-cta__description elementor-cta__content-item elementor-content-item\">\n\t\t\t\t\t\tEn cumplimiento a la Ley 5282 de Libre Acceso a la Informaci\u00f3n p\u00fablica,\u00a0se informa que las dem\u00e1s Resoluciones se encuentran disponibles \t\t\t\t\t<\/div>\n\t\t\t\t\n\t\t\t\t\t\t\t\t\t<div class=\"elementor-cta__button-wrapper elementor-cta__content-item elementor-content-item \">\n\t\t\t\t\t<a class=\"elementor-cta__button elementor-button elementor-size-xs\" href=\"https:\/\/drive.google.com\/drive\/folders\/0ByMkhtgqKX_oSnhLWUtUbXFzdGM\">\n\t\t\t\t\t\tAQU\u00cd\t\t\t\t\t<\/a>\n\t\t\t\t\t<\/div>\n\t\t\t\t\t\t\t<\/div>\n\t\t\t\t\t\t<\/div>\n\t\t\t\t\t\t<\/div>\n\t\t\t\t<div class=\"elementor-element elementor-element-d6f9f8c elementor-widget elementor-widget-text-editor\" data-id=\"d6f9f8c\" data-element_type=\"widget\" data-e-type=\"widget\" data-widget_type=\"text-editor.default\">\n\t\t\t\t\t\t\t\t\t<p style=\"margin-bottom: 10px; border: 0px; font-family: Arial, Helvetica, sans-serif; vertical-align: baseline;\"><a style=\"border: 0px; font-weight: inherit; font-style: inherit; font-family: inherit; vertical-align: baseline; text-decoration-line: underline;\" href=\"http:\/\/ing.una.py\/resoluciones2019\/ConsejoDirectivo\/1407_2019_020.pdf\" target=\"_blank\" rel=\"noopener noreferrer\">Resoluci\u00f3n CD N\u00ba 1407\/2019\/020<\/a>\u00a0Por la cual se designan\u00a0<strong>Profesores Encargados de C\u00e1tedras<\/strong>\u00a0de las carreras de la FIUNA,\u00a0<strong>2\u00ba Ciclo 2019.\u00a0<\/strong><\/p><p style=\"margin-bottom: 10px; border: 0px; font-family: Arial, Helvetica, sans-serif; vertical-align: baseline;\"><strong><em style=\"border: 0px; font-weight: inherit; font-family: inherit; vertical-align: baseline;\">Por la cual se propone al Consejo Superior Universitario el Nombramiento de Profesores Asistentes de las carreras de la FIUNA;\u00a0<\/em><\/strong><\/p><h3>Cursos B\u00e1sicos<\/h3><ul><li><a href=\"http:\/\/ing.una.py\/resoluciones2018\/1390_2018_033.pdf\" target=\"_blank\" rel=\"noopener noreferrer\">Resoluci\u00f3n CD N\u00ba 1390\/2018\/033<\/a><\/li><li><a href=\"http:\/\/ing.una.py\/resoluciones2018\/1390_2018_032.pdf\" target=\"_blank\" rel=\"noopener noreferrer\">Resoluci\u00f3n CD N\u00ba 1390\/2018\/032<\/a><\/li><\/ul><h3>Carrera Ingenier\u00eda Civil<\/h3><ul><li><a href=\"http:\/\/ing.una.py\/resoluciones2019\/ConsejoDirectivo\/1397_2019_001.pdf\" target=\"_blank\" rel=\"noopener noreferrer\">Resoluci\u00f3n CD N\u00ba 1397\/2019\/001<\/a><\/li><li><a href=\"http:\/\/ing.una.py\/resoluciones2019\/ConsejoDirectivo\/1396_2019_057.pdf\" target=\"_blank\" rel=\"noopener noreferrer\">Resoluci\u00f3n CD N\u00ba 1396\/2019\/057<\/a><\/li><li><a href=\"http:\/\/ing.una.py\/resoluciones2019\/ConsejoDirectivo\/1395_2019_019.pdf\" target=\"_blank\" rel=\"noopener noreferrer\">Resoluci\u00f3n CD N\u00ba 1395\/2019\/019<\/a><\/li><\/ul><h3>Carrera Ingenier\u00eda Industrial<\/h3><ul><li><a href=\"http:\/\/ing.una.py\/resoluciones2019\/ConsejoDirectivo\/1397_2019_002.pdf\" target=\"_blank\" rel=\"noopener noreferrer\">Resoluci\u00f3n CD N\u00ba 1397\/2019\/002<\/a><\/li><li><a href=\"http:\/\/ing.una.py\/resoluciones2019\/ConsejoDirectivo\/1396_2019_058.pdf\" target=\"_blank\" rel=\"noopener noreferrer\">Resoluci\u00f3n CD N\u00ba 1396\/2019\/058<\/a><\/li><li><a href=\"http:\/\/ing.una.py\/resoluciones2019\/ConsejoDirectivo\/1395_2019_020.pdf\" target=\"_blank\" rel=\"noopener noreferrer\">Resoluci\u00f3n CD N\u00ba 1395\/2019\/020<\/a><\/li><\/ul><h3>Carrera Ingenier\u00eda Electromec\u00e1nica<\/h3><ul><li><a href=\"http:\/\/ing.una.py\/resoluciones2019\/ConsejoDirectivo\/1397_2019_003.pdf\" target=\"_blank\" rel=\"noopener noreferrer\">Resoluci\u00f3n CD N\u00ba 1397\/2019\/003<\/a><\/li><li><a href=\"http:\/\/ing.una.py\/resoluciones2019\/ConsejoDirectivo\/1395_2019_021.pdf\" target=\"_blank\" rel=\"noopener noreferrer\">Resoluci\u00f3n CD N\u00ba 1395\/2019\/021<\/a><\/li><\/ul><h3>Carrera Ingenier\u00eda Electr\u00f3nica<\/h3><ul><li><a href=\"http:\/\/ing.una.py\/resoluciones2019\/ConsejoDirectivo\/1397_2019_004.pdf\" target=\"_blank\" rel=\"noopener noreferrer\">Resoluci\u00f3n CD N\u00ba 1397\/2019\/004<\/a><\/li><li><a href=\"http:\/\/ing.una.py\/resoluciones2019\/ConsejoDirectivo\/1396_2019_059.pdf\" target=\"_blank\" rel=\"noopener noreferrer\">Resoluci\u00f3n CD N\u00ba 1396\/2019\/059<\/a><\/li><li><a href=\"http:\/\/ing.una.py\/resoluciones2019\/ConsejoDirectivo\/1395_2019_022.pdf\" target=\"_blank\" rel=\"noopener noreferrer\">Resoluci\u00f3n CD N\u00ba 1395\/2019\/022<\/a><\/li><\/ul><h3>Carrera Ingenier\u00eda Geogr\u00e1fica y Ambiental<\/h3><ul><li><a href=\"http:\/\/ing.una.py\/resoluciones2019\/ConsejoDirectivo\/1396_2019_060.pdf\" target=\"_blank\" rel=\"noopener noreferrer\">Resoluci\u00f3n CD N\u00ba 1396\/2019\/060<\/a><\/li><li><a href=\"http:\/\/ing.una.py\/resoluciones2019\/ConsejoDirectivo\/1395_2019_023.pdf\" target=\"_blank\" rel=\"noopener noreferrer\">Resoluci\u00f3n CD N\u00ba 1395\/2019\/023<\/a><\/li><\/ul><h3>Carrera Ingenier\u00eda Mec\u00e1nica<\/h3><ul><li><a href=\"http:\/\/ing.una.py\/resoluciones2019\/ConsejoDirectivo\/1397_2019_005.pdf\" target=\"_blank\" rel=\"noopener noreferrer\">Resoluci\u00f3n CD N\u00ba 1397\/2019\/005<\/a><\/li><li><a href=\"http:\/\/ing.una.py\/resoluciones2019\/ConsejoDirectivo\/1395_2019_024.pdf\" target=\"_blank\" rel=\"noopener noreferrer\">Resoluci\u00f3n CD N\u00ba 1395\/2019\/024<\/a><\/li><\/ul><h3>Carrera Ingenier\u00eda Mecatr\u00f3nica<\/h3><ul><li><a href=\"http:\/\/ing.una.py\/resoluciones2019\/ConsejoDirectivo\/1397_2019_006.pdf\" target=\"_blank\" rel=\"noopener noreferrer\">Resoluci\u00f3n CD N\u00ba 1397\/2019\/006\u00a0<\/a><\/li><li><a href=\"http:\/\/ing.una.py\/resoluciones2019\/ConsejoDirectivo\/1396_2019_061.pdf\" target=\"_blank\" rel=\"noopener noreferrer\">Resoluci\u00f3n CD N\u00ba 1396\/2019\/061<\/a><\/li><li><a href=\"http:\/\/ing.una.py\/resoluciones2019\/ConsejoDirectivo\/1395-2019_025.pdf\" target=\"_blank\" rel=\"noopener noreferrer\">Resoluci\u00f3n CD N\u00ba 1395\/2019\/025<\/a><\/li><\/ul>\t\t\t\t\t\t\t\t<\/div>\n\t\t\t\t\t<\/div>\n\t\t<\/div>\n\t\t\t\t<div class=\"elementor-column elementor-col-33 elementor-top-column elementor-element elementor-element-c7bfcbc\" data-id=\"c7bfcbc\" data-element_type=\"column\" data-e-type=\"column\">\n\t\t\t<div class=\"elementor-widget-wrap elementor-element-populated\">\n\t\t\t\t\t\t<div class=\"elementor-element elementor-element-319eabf elementor-widget elementor-widget-heading\" data-id=\"319eabf\" data-element_type=\"widget\" data-e-type=\"widget\" data-widget_type=\"heading.default\">\n\t\t\t\t\t<h3 class=\"elementor-heading-title elementor-size-default\">Institucional<\/h3>\t\t\t\t<\/div>\n\t\t\t\t<div class=\"elementor-element elementor-element-90ff12c elementor-nav-menu__align-start elementor-nav-menu--dropdown-mobile elementor-nav-menu__text-align-aside elementor-nav-menu--toggle elementor-nav-menu--burger elementor-widget elementor-widget-nav-menu\" data-id=\"90ff12c\" data-element_type=\"widget\" data-e-type=\"widget\" data-settings=\"{&quot;layout&quot;:&quot;vertical&quot;,&quot;_animation&quot;:&quot;none&quot;,&quot;submenu_icon&quot;:{&quot;value&quot;:&quot;&lt;svg class=\\&quot;fa-svg-chevron-down e-font-icon-svg e-fas-chevron-down\\&quot; viewBox=\\&quot;0 0 448 512\\&quot; xmlns=\\&quot;http:\\\/\\\/www.w3.org\\\/2000\\\/svg\\&quot;&gt;&lt;path d=\\&quot;M207.029 381.476L12.686 187.132c-9.373-9.373-9.373-24.569 0-33.941l22.667-22.667c9.357-9.357 24.522-9.375 33.901-.04L224 284.505l154.745-154.021c9.379-9.335 24.544-9.317 33.901.04l22.667 22.667c9.373 9.373 9.373 24.569 0 33.941L240.971 381.476c-9.373 9.372-24.569 9.372-33.942 0z\\&quot;&gt;&lt;\\\/path&gt;&lt;\\\/svg&gt;&quot;,&quot;library&quot;:&quot;fa-solid&quot;},&quot;toggle&quot;:&quot;burger&quot;}\" data-widget_type=\"nav-menu.default\">\n\t\t\t\t\t\t\t\t<nav aria-label=\"Men\u00fa\" class=\"elementor-nav-menu--main elementor-nav-menu__container elementor-nav-menu--layout-vertical e--pointer-background e--animation-fade\">\n\t\t\t\t<ul id=\"menu-1-90ff12c\" class=\"elementor-nav-menu sm-vertical\"><li class=\"menu-item menu-item-type-post_type menu-item-object-page menu-item-42082 tc-menu-item tc-menu-depth-0 tc-menu-align-left tc-menu-layout-default\"><a href=\"https:\/\/www.ing.una.py\/FIUNA3\/?page_id=429\" class=\"elementor-item\" class=\"tc-menu-inner\">Volver a Institucional<\/a><\/li>\n<li class=\"menu-item menu-item-type-post_type menu-item-object-page menu-item-38505 tc-menu-item tc-menu-depth-0 tc-menu-align-left tc-menu-layout-default\"><a href=\"https:\/\/www.ing.una.py\/FIUNA3\/?page_id=24702\" class=\"elementor-item\" class=\"tc-menu-inner\">Resoluciones del Rectorado<\/a><\/li>\n<li class=\"menu-item menu-item-type-post_type menu-item-object-page menu-item-61382 tc-menu-item tc-menu-depth-0 tc-menu-align-left tc-menu-layout-default\"><a href=\"https:\/\/www.ing.una.py\/FIUNA3\/?page_id=61380\" class=\"elementor-item\" class=\"tc-menu-inner\">Resoluciones del Consejo Directivo<\/a><\/li>\n<li class=\"menu-item menu-item-type-post_type menu-item-object-page menu-item-61405 tc-menu-item tc-menu-depth-0 tc-menu-align-left tc-menu-layout-default\"><a href=\"https:\/\/www.ing.una.py\/FIUNA3\/?page_id=61400\" class=\"elementor-item\" class=\"tc-menu-inner\">Resoluciones del Decano<\/a><\/li>\n<li class=\"menu-item menu-item-type-post_type menu-item-object-page menu-item-has-children menu-item-85315 tc-menu-item tc-menu-depth-0 tc-menu-align-left tc-menu-layout-default\"><a href=\"https:\/\/www.ing.una.py\/FIUNA3\/?page_id=85308\" class=\"elementor-item\" class=\"tc-menu-inner\">Donaciones recibidas 2026<\/a>\n<ul class=\"sub-menu\">\n\t<li class=\"menu-item menu-item-type-post_type menu-item-object-page menu-item-75587 tc-menu-item tc-menu-depth-1 tc-menu-align-left\"><a href=\"https:\/\/www.ing.una.py\/FIUNA3\/?page_id=75572\" class=\"elementor-sub-item\" class=\"tc-menu-inner tc-megamenu-title\">2025<\/a><\/li>\n\t<li class=\"menu-item menu-item-type-post_type menu-item-object-page menu-item-61464 tc-menu-item tc-menu-depth-1 tc-menu-align-left\"><a href=\"https:\/\/www.ing.una.py\/FIUNA3\/?page_id=61462\" class=\"elementor-sub-item\" class=\"tc-menu-inner tc-megamenu-title\">2024<\/a><\/li>\n\t<li class=\"menu-item menu-item-type-post_type menu-item-object-page menu-item-61458 tc-menu-item tc-menu-depth-1 tc-menu-align-left\"><a href=\"https:\/\/www.ing.una.py\/FIUNA3\/?page_id=61443\" class=\"elementor-sub-item\" class=\"tc-menu-inner tc-megamenu-title\">2023<\/a><\/li>\n\t<li class=\"menu-item menu-item-type-post_type menu-item-object-page menu-item-61442 tc-menu-item tc-menu-depth-1 tc-menu-align-left\"><a href=\"https:\/\/www.ing.una.py\/FIUNA3\/?page_id=61437\" class=\"elementor-sub-item\" class=\"tc-menu-inner tc-megamenu-title\">2022<\/a><\/li>\n\t<li class=\"menu-item menu-item-type-post_type menu-item-object-page menu-item-47885 tc-menu-item tc-menu-depth-1 tc-menu-align-left\"><a href=\"https:\/\/www.ing.una.py\/FIUNA3\/?page_id=47877\" class=\"elementor-sub-item\" class=\"tc-menu-inner tc-megamenu-title\">2021<\/a><\/li>\n\t<li class=\"menu-item menu-item-type-post_type menu-item-object-page menu-item-42132 tc-menu-item tc-menu-depth-1 tc-menu-align-left\"><a href=\"https:\/\/www.ing.una.py\/FIUNA3\/?page_id=41497\" class=\"elementor-sub-item\" class=\"tc-menu-inner tc-megamenu-title\">2020<\/a><\/li>\n\t<li class=\"menu-item menu-item-type-post_type menu-item-object-page menu-item-38670 tc-menu-item tc-menu-depth-1 tc-menu-align-left\"><a href=\"https:\/\/www.ing.una.py\/FIUNA3\/?page_id=37720\" class=\"elementor-sub-item\" class=\"tc-menu-inner tc-megamenu-title\">2019<\/a><\/li>\n\t<li class=\"menu-item menu-item-type-post_type menu-item-object-page menu-item-38669 tc-menu-item tc-menu-depth-1 tc-menu-align-left\"><a href=\"https:\/\/www.ing.una.py\/FIUNA3\/?page_id=34302\" class=\"elementor-sub-item\" class=\"tc-menu-inner tc-megamenu-title\">2018<\/a><\/li>\n<\/ul><!-- End wrapper ul sub -->\n<\/li>\n<li class=\"menu-item menu-item-type-post_type menu-item-object-page menu-item-38485 tc-menu-item tc-menu-depth-0 tc-menu-align-left tc-menu-layout-default\"><a href=\"https:\/\/www.ing.una.py\/FIUNA3\/?page_id=22765\" class=\"elementor-item\" class=\"tc-menu-inner\">Reglamentos<\/a><\/li>\n<li class=\"menu-item menu-item-type-post_type menu-item-object-page menu-item-38648 tc-menu-item tc-menu-depth-0 tc-menu-align-left tc-menu-layout-default\"><a href=\"https:\/\/www.ing.una.py\/FIUNA3\/?page_id=36678\" class=\"elementor-item\" class=\"tc-menu-inner\">Resultados Concursos Docentes<\/a><\/li>\n<li class=\"menu-item menu-item-type-post_type menu-item-object-page menu-item-38484 tc-menu-item tc-menu-depth-0 tc-menu-align-left tc-menu-layout-default\"><a href=\"https:\/\/www.ing.una.py\/FIUNA3\/?page_id=22692\" class=\"elementor-item\" class=\"tc-menu-inner\">Designaciones | Hist\u00f3rico<\/a><\/li>\n<li class=\"menu-item menu-item-type-post_type menu-item-object-page menu-item-38623 tc-menu-item tc-menu-depth-0 tc-menu-align-left tc-menu-layout-default\"><a href=\"https:\/\/www.ing.una.py\/FIUNA3\/?page_id=34290\" class=\"elementor-item\" class=\"tc-menu-inner\">Sumarios Administrativos<\/a><\/li>\n<li class=\"menu-item menu-item-type-post_type menu-item-object-page menu-item-38502 tc-menu-item tc-menu-depth-0 tc-menu-align-left tc-menu-layout-default\"><a href=\"https:\/\/www.ing.una.py\/FIUNA3\/?page_id=24291\" class=\"elementor-item\" class=\"tc-menu-inner\">Sumarios Administrativos \u2013 Conclu\u00eddos<\/a><\/li>\n<\/ul>\t\t\t<\/nav>\n\t\t\t\t\t<div class=\"elementor-menu-toggle\" role=\"button\" tabindex=\"0\" aria-label=\"Alternar men\u00fa\" aria-expanded=\"false\">\n\t\t\t<svg aria-hidden=\"true\" role=\"presentation\" class=\"elementor-menu-toggle__icon--open e-font-icon-svg e-eicon-menu-bar\" viewBox=\"0 0 1000 1000\" xmlns=\"http:\/\/www.w3.org\/2000\/svg\"><path d=\"M104 333H896C929 333 958 304 958 271S929 208 896 208H104C71 208 42 237 42 271S71 333 104 333ZM104 583H896C929 583 958 554 958 521S929 458 896 458H104C71 458 42 487 42 521S71 583 104 583ZM104 833H896C929 833 958 804 958 771S929 708 896 708H104C71 708 42 737 42 771S71 833 104 833Z\"><\/path><\/svg><svg aria-hidden=\"true\" role=\"presentation\" class=\"elementor-menu-toggle__icon--close e-font-icon-svg e-eicon-close\" viewBox=\"0 0 1000 1000\" xmlns=\"http:\/\/www.w3.org\/2000\/svg\"><path d=\"M742 167L500 408 258 167C246 154 233 150 217 150 196 150 179 158 167 167 154 179 150 196 150 212 150 229 154 242 171 254L408 500 167 742C138 771 138 800 167 829 196 858 225 858 254 829L496 587 738 829C750 842 767 846 783 846 800 846 817 842 829 829 842 817 846 804 846 783 846 767 842 750 829 737L588 500 833 258C863 229 863 200 833 171 804 137 775 137 742 167Z\"><\/path><\/svg>\t\t<\/div>\n\t\t\t\t\t<nav class=\"elementor-nav-menu--dropdown elementor-nav-menu__container\" aria-hidden=\"true\">\n\t\t\t\t<ul id=\"menu-2-90ff12c\" class=\"elementor-nav-menu sm-vertical\"><li class=\"menu-item menu-item-type-post_type menu-item-object-page menu-item-42082 tc-menu-item tc-menu-depth-0 tc-menu-align-left tc-menu-layout-default\"><a href=\"https:\/\/www.ing.una.py\/FIUNA3\/?page_id=429\" class=\"elementor-item\" tabindex=\"-1\" class=\"tc-menu-inner\">Volver a Institucional<\/a><\/li>\n<li class=\"menu-item menu-item-type-post_type menu-item-object-page menu-item-38505 tc-menu-item tc-menu-depth-0 tc-menu-align-left tc-menu-layout-default\"><a href=\"https:\/\/www.ing.una.py\/FIUNA3\/?page_id=24702\" class=\"elementor-item\" tabindex=\"-1\" class=\"tc-menu-inner\">Resoluciones del Rectorado<\/a><\/li>\n<li class=\"menu-item menu-item-type-post_type menu-item-object-page menu-item-61382 tc-menu-item tc-menu-depth-0 tc-menu-align-left tc-menu-layout-default\"><a href=\"https:\/\/www.ing.una.py\/FIUNA3\/?page_id=61380\" class=\"elementor-item\" tabindex=\"-1\" class=\"tc-menu-inner\">Resoluciones del Consejo Directivo<\/a><\/li>\n<li class=\"menu-item menu-item-type-post_type menu-item-object-page menu-item-61405 tc-menu-item tc-menu-depth-0 tc-menu-align-left tc-menu-layout-default\"><a href=\"https:\/\/www.ing.una.py\/FIUNA3\/?page_id=61400\" class=\"elementor-item\" tabindex=\"-1\" class=\"tc-menu-inner\">Resoluciones del Decano<\/a><\/li>\n<li class=\"menu-item menu-item-type-post_type menu-item-object-page menu-item-has-children menu-item-85315 tc-menu-item tc-menu-depth-0 tc-menu-align-left tc-menu-layout-default\"><a href=\"https:\/\/www.ing.una.py\/FIUNA3\/?page_id=85308\" class=\"elementor-item\" tabindex=\"-1\" class=\"tc-menu-inner\">Donaciones recibidas 2026<\/a>\n<ul class=\"sub-menu\">\n\t<li class=\"menu-item menu-item-type-post_type menu-item-object-page menu-item-75587 tc-menu-item tc-menu-depth-1 tc-menu-align-left\"><a href=\"https:\/\/www.ing.una.py\/FIUNA3\/?page_id=75572\" class=\"elementor-sub-item\" tabindex=\"-1\" class=\"tc-menu-inner tc-megamenu-title\">2025<\/a><\/li>\n\t<li class=\"menu-item menu-item-type-post_type menu-item-object-page menu-item-61464 tc-menu-item tc-menu-depth-1 tc-menu-align-left\"><a href=\"https:\/\/www.ing.una.py\/FIUNA3\/?page_id=61462\" class=\"elementor-sub-item\" tabindex=\"-1\" class=\"tc-menu-inner tc-megamenu-title\">2024<\/a><\/li>\n\t<li class=\"menu-item menu-item-type-post_type menu-item-object-page menu-item-61458 tc-menu-item tc-menu-depth-1 tc-menu-align-left\"><a href=\"https:\/\/www.ing.una.py\/FIUNA3\/?page_id=61443\" class=\"elementor-sub-item\" tabindex=\"-1\" class=\"tc-menu-inner tc-megamenu-title\">2023<\/a><\/li>\n\t<li class=\"menu-item menu-item-type-post_type menu-item-object-page menu-item-61442 tc-menu-item tc-menu-depth-1 tc-menu-align-left\"><a href=\"https:\/\/www.ing.una.py\/FIUNA3\/?page_id=61437\" class=\"elementor-sub-item\" tabindex=\"-1\" class=\"tc-menu-inner tc-megamenu-title\">2022<\/a><\/li>\n\t<li class=\"menu-item menu-item-type-post_type menu-item-object-page menu-item-47885 tc-menu-item tc-menu-depth-1 tc-menu-align-left\"><a href=\"https:\/\/www.ing.una.py\/FIUNA3\/?page_id=47877\" class=\"elementor-sub-item\" tabindex=\"-1\" class=\"tc-menu-inner tc-megamenu-title\">2021<\/a><\/li>\n\t<li class=\"menu-item menu-item-type-post_type menu-item-object-page menu-item-42132 tc-menu-item tc-menu-depth-1 tc-menu-align-left\"><a href=\"https:\/\/www.ing.una.py\/FIUNA3\/?page_id=41497\" class=\"elementor-sub-item\" tabindex=\"-1\" class=\"tc-menu-inner tc-megamenu-title\">2020<\/a><\/li>\n\t<li class=\"menu-item menu-item-type-post_type menu-item-object-page menu-item-38670 tc-menu-item tc-menu-depth-1 tc-menu-align-left\"><a href=\"https:\/\/www.ing.una.py\/FIUNA3\/?page_id=37720\" class=\"elementor-sub-item\" tabindex=\"-1\" class=\"tc-menu-inner tc-megamenu-title\">2019<\/a><\/li>\n\t<li class=\"menu-item menu-item-type-post_type menu-item-object-page menu-item-38669 tc-menu-item tc-menu-depth-1 tc-menu-align-left\"><a href=\"https:\/\/www.ing.una.py\/FIUNA3\/?page_id=34302\" class=\"elementor-sub-item\" tabindex=\"-1\" class=\"tc-menu-inner tc-megamenu-title\">2018<\/a><\/li>\n<\/ul><!-- End wrapper ul sub -->\n<\/li>\n<li class=\"menu-item menu-item-type-post_type menu-item-object-page menu-item-38485 tc-menu-item tc-menu-depth-0 tc-menu-align-left tc-menu-layout-default\"><a href=\"https:\/\/www.ing.una.py\/FIUNA3\/?page_id=22765\" class=\"elementor-item\" tabindex=\"-1\" class=\"tc-menu-inner\">Reglamentos<\/a><\/li>\n<li class=\"menu-item menu-item-type-post_type menu-item-object-page menu-item-38648 tc-menu-item tc-menu-depth-0 tc-menu-align-left tc-menu-layout-default\"><a href=\"https:\/\/www.ing.una.py\/FIUNA3\/?page_id=36678\" class=\"elementor-item\" tabindex=\"-1\" class=\"tc-menu-inner\">Resultados Concursos Docentes<\/a><\/li>\n<li class=\"menu-item menu-item-type-post_type menu-item-object-page menu-item-38484 tc-menu-item tc-menu-depth-0 tc-menu-align-left tc-menu-layout-default\"><a href=\"https:\/\/www.ing.una.py\/FIUNA3\/?page_id=22692\" class=\"elementor-item\" tabindex=\"-1\" class=\"tc-menu-inner\">Designaciones | Hist\u00f3rico<\/a><\/li>\n<li class=\"menu-item menu-item-type-post_type menu-item-object-page menu-item-38623 tc-menu-item tc-menu-depth-0 tc-menu-align-left tc-menu-layout-default\"><a href=\"https:\/\/www.ing.una.py\/FIUNA3\/?page_id=34290\" class=\"elementor-item\" tabindex=\"-1\" class=\"tc-menu-inner\">Sumarios Administrativos<\/a><\/li>\n<li class=\"menu-item menu-item-type-post_type menu-item-object-page menu-item-38502 tc-menu-item tc-menu-depth-0 tc-menu-align-left tc-menu-layout-default\"><a href=\"https:\/\/www.ing.una.py\/FIUNA3\/?page_id=24291\" class=\"elementor-item\" tabindex=\"-1\" class=\"tc-menu-inner\">Sumarios Administrativos \u2013 Conclu\u00eddos<\/a><\/li>\n<\/ul>\t\t\t<\/nav>\n\t\t\t\t\t\t<\/div>\n\t\t\t\t\t<\/div>\n\t\t<\/div>\n\t\t\t\t\t<\/div>\n\t\t<\/section>\n\t\t\t\t<\/div>\n\t\t","protected":false},"excerpt":{"rendered":"<p>Resultado de concursos docentes En cumplimiento a la Ley 5282 de Libre Acceso a la Informaci\u00f3n p\u00fablica,\u00a0se informa que las dem\u00e1s Resoluciones se encuentran disponibles AQU\u00cd Resoluci\u00f3n CD N\u00ba 1407\/2019\/020\u00a0Por la cual se designan\u00a0Profesores Encargados de C\u00e1tedras\u00a0de las carreras de la FIUNA,\u00a02\u00ba Ciclo 2019.\u00a0 Por la cual se propone al Consejo Superior Universitario el Nombramiento de Profesores Asistentes de las carreras de la FIUNA;\u00a0 Cursos B\u00e1sicos Resoluci\u00f3n CD N\u00ba 1390\/2018\/033 Resoluci\u00f3n CD N\u00ba 1390\/2018\/032 Carrera Ingenier\u00eda Civil Resoluci\u00f3n CD N\u00ba 1397\/2019\/001 Resoluci\u00f3n CD N\u00ba 1396\/2019\/057 Resoluci\u00f3n CD N\u00ba 1395\/2019\/019 Carrera Ingenier\u00eda Industrial Resoluci\u00f3n CD N\u00ba 1397\/2019\/002 Resoluci\u00f3n CD N\u00ba 1396\/2019\/058 &hellip; <\/p>\n","protected":false},"author":1,"featured_media":0,"parent":0,"menu_order":0,"comment_status":"closed","ping_status":"closed","template":"","meta":{"_bbp_topic_count":0,"_bbp_reply_count":0,"_bbp_total_topic_count":0,"_bbp_total_reply_count":0,"_bbp_voice_count":0,"_bbp_anonymous_reply_count":0,"_bbp_topic_count_hidden":0,"_bbp_reply_count_hidden":0,"_bbp_forum_subforum_count":0,"advanced_seo_description":"","jetpack_seo_html_title":"","jetpack_seo_noindex":false,"jetpack_post_was_ever_published":false,"footnotes":""},"class_list":["post-36678","page","type-page","status-publish","hentry"],"jetpack_shortlink":"https:\/\/wp.me\/Pc8Odv-9xA","jetpack_likes_enabled":true,"jetpack_sharing_enabled":true,"jetpack-related-posts":[],"_links":{"self":[{"href":"https:\/\/www.ing.una.py\/FIUNA3\/index.php?rest_route=\/wp\/v2\/pages\/36678","targetHints":{"allow":["GET"]}}],"collection":[{"href":"https:\/\/www.ing.una.py\/FIUNA3\/index.php?rest_route=\/wp\/v2\/pages"}],"about":[{"href":"https:\/\/www.ing.una.py\/FIUNA3\/index.php?rest_route=\/wp\/v2\/types\/page"}],"author":[{"embeddable":true,"href":"https:\/\/www.ing.una.py\/FIUNA3\/index.php?rest_route=\/wp\/v2\/users\/1"}],"replies":[{"embeddable":true,"href":"https:\/\/www.ing.una.py\/FIUNA3\/index.php?rest_route=%2Fwp%2Fv2%2Fcomments&post=36678"}],"version-history":[{"count":12,"href":"https:\/\/www.ing.una.py\/FIUNA3\/index.php?rest_route=\/wp\/v2\/pages\/36678\/revisions"}],"predecessor-version":[{"id":61473,"href":"https:\/\/www.ing.una.py\/FIUNA3\/index.php?rest_route=\/wp\/v2\/pages\/36678\/revisions\/61473"}],"wp:attachment":[{"href":"https:\/\/www.ing.una.py\/FIUNA3\/index.php?rest_route=%2Fwp%2Fv2%2Fmedia&parent=36678"}],"curies":[{"name":"wp","href":"https:\/\/api.w.org\/{rel}","templated":true}]}}