{"id":41942,"date":"2020-03-02T12:15:00","date_gmt":"2020-03-02T15:15:00","guid":{"rendered":"http:\/\/www.ing.una.py\/FIUNA3\/?page_id=41942"},"modified":"2025-02-05T10:11:26","modified_gmt":"2025-02-05T13:11:26","slug":"contactanos","status":"publish","type":"page","link":"https:\/\/www.ing.una.py\/FIUNA3\/?page_id=41942","title":{"rendered":"Contactanos"},"content":{"rendered":"\t\t<div data-elementor-type=\"wp-page\" data-elementor-id=\"41942\" class=\"elementor elementor-41942\" data-elementor-post-type=\"page\">\n\t\t\t\t\t\t<section class=\"elementor-section elementor-top-section elementor-element elementor-element-2c72f15 elementor-section-boxed elementor-section-height-default elementor-section-height-default\" data-id=\"2c72f15\" data-element_type=\"section\" data-e-type=\"section\">\n\t\t\t\t\t\t<div class=\"elementor-container elementor-column-gap-default\">\n\t\t\t\t\t<div class=\"elementor-column elementor-col-50 elementor-top-column elementor-element elementor-element-4229100\" data-id=\"4229100\" data-element_type=\"column\" data-e-type=\"column\">\n\t\t\t<div class=\"elementor-widget-wrap elementor-element-populated\">\n\t\t\t\t\t\t<div class=\"elementor-element elementor-element-04077cd elementor-widget elementor-widget-heading\" data-id=\"04077cd\" data-element_type=\"widget\" data-e-type=\"widget\" data-widget_type=\"heading.default\">\n\t\t\t\t\t<h2 class=\"elementor-heading-title elementor-size-default\">Contactos<\/h2>\t\t\t\t<\/div>\n\t\t\t\t<section class=\"elementor-section elementor-inner-section elementor-element elementor-element-b76d541 elementor-section-boxed elementor-section-height-default elementor-section-height-default\" data-id=\"b76d541\" data-element_type=\"section\" data-e-type=\"section\">\n\t\t\t\t\t\t<div class=\"elementor-container elementor-column-gap-default\">\n\t\t\t\t\t<div class=\"elementor-column elementor-col-50 elementor-inner-column elementor-element elementor-element-5425e5a\" data-id=\"5425e5a\" data-element_type=\"column\" data-e-type=\"column\">\n\t\t\t<div class=\"elementor-widget-wrap elementor-element-populated\">\n\t\t\t\t\t\t<div class=\"elementor-element elementor-element-ea564a1 thim-widget-icon-box iconbox-text-left elementor-widget elementor-widget-thim-icon-box\" data-id=\"ea564a1\" data-element_type=\"widget\" data-e-type=\"widget\" data-widget_type=\"thim-icon-box.default\">\n\t\t\t\t<div class=\"elementor-widget-container\">\n\t\t\t\t\t<div class=\"thim-widget-icon-box\"><div class=\"wrapper-box-icon text-left contact_info\"><div class=\"smicon-box iconbox-left\"><div class=\"boxes-icon\"><span class=\"inner-icon\"><span class=\"icon\"><i class=\"fa fa-phone\"><\/i><\/span><\/span><\/div><div class=\"content-inner\"><div class=\"sc-heading\"><h3 class=\"heading__primary\">Tel\u00e9fonos - SL<\/h3><span class=\"line-heading\"><\/span><\/div><div class=\"desc-icon-box\"><div class=\"desc-content\">+595 021 729 00 10 \n<\/div><\/div><\/div><\/div><\/div><\/div>\t\t\t\t<\/div>\n\t\t\t\t<\/div>\n\t\t\t\t<div class=\"elementor-element elementor-element-e30470b thim-widget-icon-box iconbox-text-left elementor-widget elementor-widget-thim-icon-box\" data-id=\"e30470b\" data-element_type=\"widget\" data-e-type=\"widget\" data-widget_type=\"thim-icon-box.default\">\n\t\t\t\t<div class=\"elementor-widget-container\">\n\t\t\t\t\t<div class=\"thim-widget-icon-box\"><div class=\"wrapper-box-icon text-left contact_info\"><div class=\"smicon-box iconbox-left\"><div class=\"boxes-icon\"><span class=\"inner-icon\"><span class=\"icon\"><i class=\"fa fa-phone\"><\/i><\/span><\/span><\/div><div class=\"content-inner\"><div class=\"sc-heading\"><h3 class=\"heading__primary\">Tel\u00e9fono - Luque<\/h3><span class=\"line-heading\"><\/span><\/div><div class=\"desc-icon-box\"><div class=\"desc-content\">+595 021 646 167\n<\/div><\/div><\/div><\/div><\/div><\/div>\t\t\t\t<\/div>\n\t\t\t\t<\/div>\n\t\t\t\t<div class=\"elementor-element elementor-element-5773438 thim-widget-icon-box iconbox-text-left elementor-widget elementor-widget-thim-icon-box\" data-id=\"5773438\" data-element_type=\"widget\" data-e-type=\"widget\" data-widget_type=\"thim-icon-box.default\">\n\t\t\t\t<div class=\"elementor-widget-container\">\n\t\t\t\t\t<div class=\"thim-widget-icon-box\"><div class=\"wrapper-box-icon text-left contact_info\"><div class=\"smicon-box iconbox-left\"><div class=\"boxes-icon\"><span class=\"inner-icon\"><span class=\"icon\"><i class=\"fa fa-phone\"><\/i><\/span><\/span><\/div><div class=\"content-inner\"><div class=\"sc-heading\"><h3 class=\"heading__primary\">Tel\u00e9fono - Ayolas<\/h3><span class=\"line-heading\"><\/span><\/div><div class=\"desc-icon-box\"><div class=\"desc-content\">+595 72 222 520\n<\/div><\/div><\/div><\/div><\/div><\/div>\t\t\t\t<\/div>\n\t\t\t\t<\/div>\n\t\t\t\t\t<\/div>\n\t\t<\/div>\n\t\t\t\t<div class=\"elementor-column elementor-col-50 elementor-inner-column elementor-element elementor-element-320db47\" data-id=\"320db47\" data-element_type=\"column\" data-e-type=\"column\">\n\t\t\t<div class=\"elementor-widget-wrap elementor-element-populated\">\n\t\t\t\t\t\t<div class=\"elementor-element elementor-element-460244b thim-widget-icon-box iconbox-text-left elementor-widget elementor-widget-thim-icon-box\" data-id=\"460244b\" data-element_type=\"widget\" data-e-type=\"widget\" data-widget_type=\"thim-icon-box.default\">\n\t\t\t\t<div class=\"elementor-widget-container\">\n\t\t\t\t\t<div class=\"thim-widget-icon-box\"><div class=\"wrapper-box-icon text-left contact_info\"><div class=\"smicon-box iconbox-left\"><div class=\"boxes-icon\"><a class=\"icon-box-link\" href=\"http:\/\/secretaria@ing.una.py\" target=\"_blank\" rel=\"nofollow\"><span class=\"inner-icon\"><span class=\"icon\"><i class=\"fa fa-envelope\"><\/i><\/span><\/span><\/a><\/div><div class=\"content-inner\"><div class=\"sc-heading\"><h3 class=\"heading__primary\"><a class=\"icon-box-link\" href=\"http:\/\/secretaria@ing.una.py\" target=\"_blank\" rel=\"nofollow\">Correo<\/a><\/h3><span class=\"line-heading\"><\/span><\/div><div class=\"desc-icon-box\"><div class=\"desc-content\"><a class=\"icon-box-link\" href=\"http:\/\/secretaria@ing.una.py\" target=\"_blank\" rel=\"nofollow\">secretaria@ing.una.py<\/a><\/div><\/div><\/div><\/div><\/div><\/div>\t\t\t\t<\/div>\n\t\t\t\t<\/div>\n\t\t\t\t<div class=\"elementor-element elementor-element-89c1c0c thim-widget-icon-box iconbox-text-left elementor-widget elementor-widget-thim-icon-box\" data-id=\"89c1c0c\" data-element_type=\"widget\" data-e-type=\"widget\" data-widget_type=\"thim-icon-box.default\">\n\t\t\t\t<div class=\"elementor-widget-container\">\n\t\t\t\t\t<div class=\"thim-widget-icon-box\"><div class=\"wrapper-box-icon text-left contact_info\"><div class=\"smicon-box iconbox-left\"><div class=\"boxes-icon\"><a class=\"icon-box-link\" href=\"http:\/\/secretaria@ing.una.py\" target=\"_blank\" rel=\"nofollow\"><span class=\"inner-icon\"><span class=\"icon\"><i class=\"fa fa-envelope\"><\/i><\/span><\/span><\/a><\/div><div class=\"content-inner\"><div class=\"sc-heading\"><h3 class=\"heading__primary\"><a class=\"icon-box-link\" href=\"http:\/\/secretaria@ing.una.py\" target=\"_blank\" rel=\"nofollow\">Horario \"Atenci\u00f3n al Alumno\"<\/a><\/h3><span class=\"line-heading\"><\/span><\/div><div class=\"desc-icon-box\"><div class=\"desc-content\"><a class=\"icon-box-link\" href=\"http:\/\/secretaria@ing.una.py\" target=\"_blank\" rel=\"nofollow\">De 07:30 a 18:30 h<br>\nDe lunes a viernes<br>\nS\u00e1bados hasta el mediod\u00eda\u00a0<\/a><\/div><\/div><\/div><\/div><\/div><\/div>\t\t\t\t<\/div>\n\t\t\t\t<\/div>\n\t\t\t\t\t<\/div>\n\t\t<\/div>\n\t\t\t\t\t<\/div>\n\t\t<\/section>\n\t\t\t\t<div class=\"elementor-element elementor-element-fc1a8e4 thim-widget-icon-box iconbox-text-left elementor-widget elementor-widget-thim-icon-box\" data-id=\"fc1a8e4\" data-element_type=\"widget\" data-e-type=\"widget\" data-widget_type=\"thim-icon-box.default\">\n\t\t\t\t<div class=\"elementor-widget-container\">\n\t\t\t\t\t<div class=\"thim-widget-icon-box\"><div class=\"wrapper-box-icon text-left contact_info\"><div class=\"smicon-box iconbox-left\"><div class=\"boxes-icon\"><span class=\"inner-icon\"><span class=\"icon\"><svg aria-hidden=\"true\" class=\"e-font-icon-svg e-fas-map-marker-alt\" viewBox=\"0 0 384 512\" xmlns=\"http:\/\/www.w3.org\/2000\/svg\"><path d=\"M172.268 501.67C26.97 291.031 0 269.413 0 192 0 85.961 85.961 0 192 0s192 85.961 192 192c0 77.413-26.97 99.031-172.268 309.67-9.535 13.774-29.93 13.773-39.464 0zM192 272c44.183 0 80-35.817 80-80s-35.817-80-80-80-80 35.817-80 80 35.817 80 80 80z\"><\/path><\/svg><\/span><\/span><\/div><div class=\"content-inner\"><div class=\"sc-heading\"><h3 class=\"heading__primary\">Ubicaciones Sedes y Filial<\/h3><span class=\"line-heading\"><\/span><\/div><div class=\"desc-icon-box\"><div class=\"desc-content\">Sede, Campus de la UNA, San Lorenzo <br>\nSede, Isla Bogado, Luque <br>\nFilial Ayolas, Villa permanente <\/div><\/div><\/div><\/div><\/div><\/div>\t\t\t\t<\/div>\n\t\t\t\t<\/div>\n\t\t\t\t\t<\/div>\n\t\t<\/div>\n\t\t\t\t<div class=\"elementor-column elementor-col-50 elementor-top-column elementor-element elementor-element-dfe7ba8\" data-id=\"dfe7ba8\" data-element_type=\"column\" data-e-type=\"column\">\n\t\t\t<div class=\"elementor-widget-wrap elementor-element-populated\">\n\t\t\t\t\t\t<div class=\"elementor-element elementor-element-1a2a3d3 elementor-widget elementor-widget-heading\" data-id=\"1a2a3d3\" data-element_type=\"widget\" data-e-type=\"widget\" data-widget_type=\"heading.default\">\n\t\t\t\t\t<h2 class=\"elementor-heading-title elementor-size-default\">Buz\u00f3n<\/h2>\t\t\t\t<\/div>\n\t\t\t\t<div class=\"elementor-element elementor-element-7cd69c8 elementor-widget elementor-widget-text-editor\" data-id=\"7cd69c8\" data-element_type=\"widget\" data-e-type=\"widget\" data-widget_type=\"text-editor.default\">\n\t\t\t\t\t\t\t\t\t<div><strong>Queremos leerte.<\/strong> Si tienes sugerencias o reclamos, te animamos a compartir tus ideas y\/o comentarios para mejorar la calidad de nuestros servicios. Creemos firmemente en la importancia de la retroalimentaci\u00f3n para evolucionar y adaptarnos a tus necesidades.\u00a0<\/div><div>\u00a0<\/div><div>Si tienes algo positivo que decirnos, \u00a1tambi\u00e9n queremos saberlo! Tu felicitaci\u00f3n no solo nos llena de alegr\u00eda, sino que nos impulsa a seguir buscando la excelencia institucional.<\/div><div>Este buz\u00f3n representa un medio valioso para la participaci\u00f3n activa de todos,\u00a0 llegando\u00a0a incrementar la satisfacci\u00f3n de estudiantes, plantel docente, personal administrativo y usuarios en general.<\/div>\t\t\t\t\t\t\t\t<\/div>\n\t\t\t\t<div class=\"elementor-element elementor-element-c4efed9 elementor-widget elementor-widget-eael-creative-button\" data-id=\"c4efed9\" data-element_type=\"widget\" data-e-type=\"widget\" data-widget_type=\"eael-creative-button.default\">\n\t\t\t\t\t        <div class=\"eael-creative-button-wrapper\">\n\n            <a class=\"eael-creative-button eael-creative-button--ujarak eael-cb-icon-position-left\" href=\"https:\/\/www.ing.una.py\/FIUNA3\/?page_id=70780\" data-text=\"\">\n            \t    \n                <div class=\"creative-button-inner\">\n\n                                            <span class=\"eael-creative-button-icon-left\"><svg aria-hidden=\"true\" class=\"e-font-icon-svg e-fas-mail-bulk\" viewBox=\"0 0 576 512\" xmlns=\"http:\/\/www.w3.org\/2000\/svg\"><path d=\"M160 448c-25.6 0-51.2-22.4-64-32-64-44.8-83.2-60.8-96-70.4V480c0 17.67 14.33 32 32 32h256c17.67 0 32-14.33 32-32V345.6c-12.8 9.6-32 25.6-96 70.4-12.8 9.6-38.4 32-64 32zm128-192H32c-17.67 0-32 14.33-32 32v16c25.6 19.2 22.4 19.2 115.2 86.4 9.6 6.4 28.8 25.6 44.8 25.6s35.2-19.2 44.8-22.4c92.8-67.2 89.6-67.2 115.2-86.4V288c0-17.67-14.33-32-32-32zm256-96H224c-17.67 0-32 14.33-32 32v32h96c33.21 0 60.59 25.42 63.71 57.82l.29-.22V416h192c17.67 0 32-14.33 32-32V192c0-17.67-14.33-32-32-32zm-32 128h-64v-64h64v64zm-352-96c0-35.29 28.71-64 64-64h224V32c0-17.67-14.33-32-32-32H96C78.33 0 64 14.33 64 32v192h96v-32z\"><\/path><\/svg><\/span>                    \n                    <span class=\"cretive-button-text\"><\/span>\n\n                                    <\/div>\n\t                        <\/a>\n        <\/div>\n        \t\t\t\t<\/div>\n\t\t\t\t\t<\/div>\n\t\t<\/div>\n\t\t\t\t\t<\/div>\n\t\t<\/section>\n\t\t<div class=\"elementor-element elementor-element-02269a9 e-flex e-con-boxed e-con e-parent\" data-id=\"02269a9\" data-element_type=\"container\" data-e-type=\"container\">\n\t\t\t\t\t<div class=\"e-con-inner\">\n\t\t<div class=\"elementor-element elementor-element-22660c6 e-con-full e-flex e-con e-child\" data-id=\"22660c6\" data-element_type=\"container\" data-e-type=\"container\">\n\t\t\t\t<div class=\"elementor-element elementor-element-d2a36f4 elementor-widget elementor-widget-heading\" data-id=\"d2a36f4\" data-element_type=\"widget\" data-e-type=\"widget\" data-widget_type=\"heading.default\">\n\t\t\t\t\t<h3 class=\"elementor-heading-title elementor-size-default\">Sede San Lorenzo<\/h3>\t\t\t\t<\/div>\n\t\t\t\t<div class=\"elementor-element elementor-element-0bb8afc elementor-widget elementor-widget-thim-google-map\" data-id=\"0bb8afc\" data-element_type=\"widget\" data-e-type=\"widget\" data-widget_type=\"thim-google-map.default\">\n\t\t\t\t<div class=\"elementor-widget-container\">\n\t\t\t\t\t<div class=\"thim-map-iframe\" style =\"height: 480px\"><iframe frameborder=\"0\" scrolling=\"no\" marginheight=\"0\" marginwidth=\"0\" src=\"https:\/\/maps.google.com\/maps?q=Facultad%20de%20Ingenier%C3%ADa%20UNA%20%20&amp;t=m&amp;z=12&amp;output=embed&amp;iwloc=near\" title=\"Facultad de Ingenier\u00eda UNA  \" aria-label=\"Facultad de Ingenier\u00eda UNA  \"><\/iframe><\/div>\t\t\t\t<\/div>\n\t\t\t\t<\/div>\n\t\t\t\t<\/div>\n\t\t<div class=\"elementor-element elementor-element-549374e e-con-full e-flex e-con e-child\" data-id=\"549374e\" data-element_type=\"container\" data-e-type=\"container\">\n\t\t\t\t<div class=\"elementor-element elementor-element-46c8494 elementor-widget elementor-widget-heading\" data-id=\"46c8494\" data-element_type=\"widget\" data-e-type=\"widget\" data-widget_type=\"heading.default\">\n\t\t\t\t\t<h3 class=\"elementor-heading-title elementor-size-default\">Sede Isla Bogado - Luque<\/h3>\t\t\t\t<\/div>\n\t\t\t\t<div class=\"elementor-element elementor-element-5e89fa4 elementor-widget elementor-widget-thim-google-map\" data-id=\"5e89fa4\" data-element_type=\"widget\" data-e-type=\"widget\" data-widget_type=\"thim-google-map.default\">\n\t\t\t\t<div class=\"elementor-widget-container\">\n\t\t\t\t\t<div class=\"thim-map-iframe\" style =\"height: 480px\"><iframe frameborder=\"0\" scrolling=\"no\" marginheight=\"0\" marginwidth=\"0\" src=\"https:\/\/maps.google.com\/maps?q=CITEC%20FIUNA%20Isla%20bogado%20Luque&amp;t=m&amp;z=12&amp;output=embed&amp;iwloc=near\" title=\"CITEC FIUNA Isla bogado Luque\" aria-label=\"CITEC FIUNA Isla bogado Luque\"><\/iframe><\/div>\t\t\t\t<\/div>\n\t\t\t\t<\/div>\n\t\t\t\t<\/div>\n\t\t\t\t\t<\/div>\n\t\t\t\t<\/div>\n\t\t<div class=\"elementor-element elementor-element-edba4b2 e-flex e-con-boxed e-con e-parent\" data-id=\"edba4b2\" data-element_type=\"container\" data-e-type=\"container\">\n\t\t\t\t\t<div class=\"e-con-inner\">\n\t\t\t\t<div class=\"elementor-element elementor-element-5dd1005 elementor-widget elementor-widget-heading\" data-id=\"5dd1005\" data-element_type=\"widget\" data-e-type=\"widget\" data-widget_type=\"heading.default\">\n\t\t\t\t\t<h3 class=\"elementor-heading-title elementor-size-default\">Filial Ayolas<\/h3>\t\t\t\t<\/div>\n\t\t\t\t<div class=\"elementor-element elementor-element-79a7a26 elementor-widget elementor-widget-thim-google-map\" data-id=\"79a7a26\" data-element_type=\"widget\" data-e-type=\"widget\" data-widget_type=\"thim-google-map.default\">\n\t\t\t\t<div class=\"elementor-widget-container\">\n\t\t\t\t\t<div class=\"thim-map-iframe\" style =\"height: 480px\"><iframe frameborder=\"0\" scrolling=\"no\" marginheight=\"0\" marginwidth=\"0\" src=\"https:\/\/maps.google.com\/maps?q=FIUNA%20Ayolas&amp;t=m&amp;z=12&amp;output=embed&amp;iwloc=near\" title=\"FIUNA Ayolas\" aria-label=\"FIUNA Ayolas\"><\/iframe><\/div>\t\t\t\t<\/div>\n\t\t\t\t<\/div>\n\t\t\t\t\t<\/div>\n\t\t\t\t<\/div>\n\t\t\t\t<\/div>\n\t\t","protected":false},"excerpt":{"rendered":"<p>Contactos &lt;h3&gt;Tel\u00e9fonos &#8211; SL&lt;\/h3&gt;+595 021 729 00 10 &lt;h3&gt;Tel\u00e9fono &#8211; Luque&lt;\/h3&gt;+595 021 646 167 &lt;h3&gt;Tel\u00e9fono &#8211; Ayolas&lt;\/h3&gt;+595 72 222 520 &lt;a href=\u00bbhttp:\/\/secretaria@ing.una.py\u00bb target=\u00bb_blank\u00bb rel=\u00bbnofollow\u00bb&gt;&lt;\/a&gt;&lt;h3&gt;&lt;a href=\u00bbhttp:\/\/secretaria@ing.una.py\u00bb target=\u00bb_blank\u00bb rel=\u00bbnofollow\u00bb&gt;Correo&lt;\/a&gt;&lt;\/h3&gt;&lt;a href=\u00bbhttp:\/\/secretaria@ing.una.py\u00bb target=\u00bb_blank\u00bb rel=\u00bbnofollow\u00bb&gt;secretaria@ing.una.py&lt;\/a&gt; &lt;a href=\u00bbhttp:\/\/secretaria@ing.una.py\u00bb target=\u00bb_blank\u00bb rel=\u00bbnofollow\u00bb&gt;&lt;\/a&gt;&lt;h3&gt;&lt;a href=\u00bbhttp:\/\/secretaria@ing.una.py\u00bb target=\u00bb_blank\u00bb rel=\u00bbnofollow\u00bb&gt;Horario \u00abAtenci\u00f3n al Alumno\u00bb&lt;\/a&gt;&lt;\/h3&gt;&lt;a href=\u00bbhttp:\/\/secretaria@ing.una.py\u00bb target=\u00bb_blank\u00bb rel=\u00bbnofollow\u00bb&gt;De 07:30 a 18:30 h&lt;br&gt; De lunes a viernes S\u00e1bados hasta el mediod\u00eda\u00a0 Ubicaciones Sedes y Filial Sede, Campus de la UNA, San Lorenzo Sede, Isla Bogado, Luque Filial Ayolas, Villa permanente Buz\u00f3n &lt;strong&gt;Queremos leerte.&lt;\/strong&gt; Si tienes sugerencias o reclamos, te animamos a compartir tus ideas y\/o comentarios para mejorar la calidad de nuestros servicios. Creemos firmemente en &hellip; <\/p>\n","protected":false},"author":1,"featured_media":0,"parent":0,"menu_order":0,"comment_status":"closed","ping_status":"closed","template":"","meta":{"_bbp_topic_count":0,"_bbp_reply_count":0,"_bbp_total_topic_count":0,"_bbp_total_reply_count":0,"_bbp_voice_count":0,"_bbp_anonymous_reply_count":0,"_bbp_topic_count_hidden":0,"_bbp_reply_count_hidden":0,"_bbp_forum_subforum_count":0,"advanced_seo_description":"","jetpack_seo_html_title":"","jetpack_seo_noindex":false,"jetpack_post_was_ever_published":false,"footnotes":""},"class_list":["post-41942","page","type-page","status-publish","hentry"],"jetpack_shortlink":"https:\/\/wp.me\/Pc8Odv-aUu","jetpack_likes_enabled":true,"jetpack_sharing_enabled":true,"jetpack-related-posts":[],"_links":{"self":[{"href":"https:\/\/www.ing.una.py\/FIUNA3\/index.php?rest_route=\/wp\/v2\/pages\/41942","targetHints":{"allow":["GET"]}}],"collection":[{"href":"https:\/\/www.ing.una.py\/FIUNA3\/index.php?rest_route=\/wp\/v2\/pages"}],"about":[{"href":"https:\/\/www.ing.una.py\/FIUNA3\/index.php?rest_route=\/wp\/v2\/types\/page"}],"author":[{"embeddable":true,"href":"https:\/\/www.ing.una.py\/FIUNA3\/index.php?rest_route=\/wp\/v2\/users\/1"}],"replies":[{"embeddable":true,"href":"https:\/\/www.ing.una.py\/FIUNA3\/index.php?rest_route=%2Fwp%2Fv2%2Fcomments&post=41942"}],"version-history":[{"count":48,"href":"https:\/\/www.ing.una.py\/FIUNA3\/index.php?rest_route=\/wp\/v2\/pages\/41942\/revisions"}],"predecessor-version":[{"id":75687,"href":"https:\/\/www.ing.una.py\/FIUNA3\/index.php?rest_route=\/wp\/v2\/pages\/41942\/revisions\/75687"}],"wp:attachment":[{"href":"https:\/\/www.ing.una.py\/FIUNA3\/index.php?rest_route=%2Fwp%2Fv2%2Fmedia&parent=41942"}],"curies":[{"name":"wp","href":"https:\/\/api.w.org\/{rel}","templated":true}]}}